{"id":2181,"date":"2016-02-28T08:21:03","date_gmt":"2016-02-28T08:21:03","guid":{"rendered":"https:\/\/electro.madrasthemes.com\/?page_id=2181"},"modified":"2016-02-28T08:21:03","modified_gmt":"2016-02-28T08:21:03","slug":"track-your-order","status":"publish","type":"page","link":"https:\/\/www.projetopuritano.com\/projetopuritano\/?page_id=2181","title":{"rendered":"Track your Order"},"content":{"rendered":"<div class=\"woocommerce\">\n<form action=\"https:\/\/www.projetopuritano.com\/projetopuritano\/?page_id=2181\" method=\"post\" class=\"woocommerce-form woocommerce-form-track-order track_order\">\n\n\t\n\t<p>Para acompanhar o seu pedido, digite o ID do pedido na caixa abaixo e pressione o bot\u00e3o &quot;Rastrear&quot;. O ID do pedido foi informado em sua fatura e est\u00e1 no e-mail de confirma\u00e7\u00e3o que voc\u00ea deve ter recebido.<\/p>\n\n\t<p class=\"form-row form-row-first\"><label for=\"orderid\">ID do pedido<\/label> <input class=\"input-text\" type=\"text\" name=\"orderid\" id=\"orderid\" value=\"\" placeholder=\"Encontrado no seu e-mail de confirma\u00e7\u00e3o do pedido.\" \/><\/p>\t<p class=\"form-row form-row-last\"><label for=\"order_email\">E-mail de cobran\u00e7a<\/label> <input class=\"input-text\" type=\"text\" name=\"order_email\" id=\"order_email\" value=\"\" placeholder=\"E-mail utilizado durante a finaliza\u00e7\u00e3o de compra.\" \/><\/p>\t<div class=\"clear\"><\/div>\n\n\t\n\t<p class=\"form-row\"><button type=\"submit\" class=\"button\" name=\"track\" value=\"Rastrear\">Rastrear<\/button><\/p>\n\t<input type=\"hidden\" id=\"woocommerce-order-tracking-nonce\" name=\"woocommerce-order-tracking-nonce\" value=\"b62d9408eb\" \/><input type=\"hidden\" name=\"_wp_http_referer\" value=\"\/projetopuritano\/index.php?rest_route=%2Fwp%2Fv2%2Fpages%2F2181\" \/>\n\t\n<\/form>\n<\/div>\n","protected":false},"excerpt":{"rendered":"Para acompanhar o seu pedido, digite o ID do pedido na caixa abaixo e pressione o bot\u00e3o &quot;Rastrear&quot;. O ID do pedido foi informado em sua fatura e est\u00e1 no","protected":false},"author":1,"featured_media":0,"parent":0,"menu_order":0,"comment_status":"closed","ping_status":"closed","template":"template-page-centered-fullwidth.php","meta":{"_acf_changed":false,"footnotes":""},"class_list":["post-2181","page","type-page","status-publish","hentry"],"acf":[],"yoast_head":"<!-- This site is optimized with the Yoast SEO plugin v25.6 - https:\/\/yoast.com\/wordpress\/plugins\/seo\/ -->\n<title>Track your Order - Projeto Puritano<\/title>\n<meta name=\"robots\" content=\"index, follow, max-snippet:-1, max-image-preview:large, max-video-preview:-1\" \/>\n<link rel=\"canonical\" href=\"https:\/\/www.projetopuritano.com\/projetopuritano\/?page_id=2181\" \/>\n<meta property=\"og:locale\" content=\"pt_BR\" \/>\n<meta property=\"og:type\" content=\"article\" \/>\n<meta property=\"og:title\" content=\"Track your Order - Projeto Puritano\" \/>\n<meta property=\"og:url\" content=\"https:\/\/www.projetopuritano.com\/projetopuritano\/?page_id=2181\" \/>\n<meta property=\"og:site_name\" content=\"Projeto Puritano\" \/>\n<meta name=\"twitter:card\" content=\"summary_large_image\" \/>\n<script type=\"application\/ld+json\" class=\"yoast-schema-graph\">{\"@context\":\"https:\/\/schema.org\",\"@graph\":[{\"@type\":\"WebPage\",\"@id\":\"https:\/\/www.projetopuritano.com\/projetopuritano\/?page_id=2181\",\"url\":\"https:\/\/www.projetopuritano.com\/projetopuritano\/?page_id=2181\",\"name\":\"Track your Order - Projeto Puritano\",\"isPartOf\":{\"@id\":\"https:\/\/www.projetopuritano.com\/projetopuritano\/#website\"},\"datePublished\":\"2016-02-28T08:21:03+00:00\",\"breadcrumb\":{\"@id\":\"https:\/\/www.projetopuritano.com\/projetopuritano\/?page_id=2181#breadcrumb\"},\"inLanguage\":\"pt-BR\",\"potentialAction\":[{\"@type\":\"ReadAction\",\"target\":[\"https:\/\/www.projetopuritano.com\/projetopuritano\/?page_id=2181\"]}]},{\"@type\":\"BreadcrumbList\",\"@id\":\"https:\/\/www.projetopuritano.com\/projetopuritano\/?page_id=2181#breadcrumb\",\"itemListElement\":[{\"@type\":\"ListItem\",\"position\":1,\"name\":\"In\u00edcio\",\"item\":\"https:\/\/www.projetopuritano.com\/projetopuritano\/\"},{\"@type\":\"ListItem\",\"position\":2,\"name\":\"Track your Order\"}]},{\"@type\":\"WebSite\",\"@id\":\"https:\/\/www.projetopuritano.com\/projetopuritano\/#website\",\"url\":\"https:\/\/www.projetopuritano.com\/projetopuritano\/\",\"name\":\"Projeto Puritano\",\"description\":\"\",\"publisher\":{\"@id\":\"https:\/\/www.projetopuritano.com\/projetopuritano\/#organization\"},\"potentialAction\":[{\"@type\":\"SearchAction\",\"target\":{\"@type\":\"EntryPoint\",\"urlTemplate\":\"https:\/\/www.projetopuritano.com\/projetopuritano\/?s={search_term_string}\"},\"query-input\":{\"@type\":\"PropertyValueSpecification\",\"valueRequired\":true,\"valueName\":\"search_term_string\"}}],\"inLanguage\":\"pt-BR\"},{\"@type\":\"Organization\",\"@id\":\"https:\/\/www.projetopuritano.com\/projetopuritano\/#organization\",\"name\":\"Projeto Puritano\",\"url\":\"https:\/\/www.projetopuritano.com\/projetopuritano\/\",\"logo\":{\"@type\":\"ImageObject\",\"inLanguage\":\"pt-BR\",\"@id\":\"https:\/\/www.projetopuritano.com\/projetopuritano\/#\/schema\/logo\/image\/\",\"url\":\"https:\/\/www.projetopuritano.com\/projetopuritano\/wp-content\/uploads\/2025\/02\/cropped-LOGO.png\",\"contentUrl\":\"https:\/\/www.projetopuritano.com\/projetopuritano\/wp-content\/uploads\/2025\/02\/cropped-LOGO.png\",\"width\":318,\"height\":105,\"caption\":\"Projeto Puritano\"},\"image\":{\"@id\":\"https:\/\/www.projetopuritano.com\/projetopuritano\/#\/schema\/logo\/image\/\"}}]}<\/script>\n<!-- \/ Yoast SEO plugin. -->","yoast_head_json":{"title":"Track your Order - Projeto Puritano","robots":{"index":"index","follow":"follow","max-snippet":"max-snippet:-1","max-image-preview":"max-image-preview:large","max-video-preview":"max-video-preview:-1"},"canonical":"https:\/\/www.projetopuritano.com\/projetopuritano\/?page_id=2181","og_locale":"pt_BR","og_type":"article","og_title":"Track your Order - Projeto Puritano","og_url":"https:\/\/www.projetopuritano.com\/projetopuritano\/?page_id=2181","og_site_name":"Projeto Puritano","twitter_card":"summary_large_image","schema":{"@context":"https:\/\/schema.org","@graph":[{"@type":"WebPage","@id":"https:\/\/www.projetopuritano.com\/projetopuritano\/?page_id=2181","url":"https:\/\/www.projetopuritano.com\/projetopuritano\/?page_id=2181","name":"Track your Order - Projeto Puritano","isPartOf":{"@id":"https:\/\/www.projetopuritano.com\/projetopuritano\/#website"},"datePublished":"2016-02-28T08:21:03+00:00","breadcrumb":{"@id":"https:\/\/www.projetopuritano.com\/projetopuritano\/?page_id=2181#breadcrumb"},"inLanguage":"pt-BR","potentialAction":[{"@type":"ReadAction","target":["https:\/\/www.projetopuritano.com\/projetopuritano\/?page_id=2181"]}]},{"@type":"BreadcrumbList","@id":"https:\/\/www.projetopuritano.com\/projetopuritano\/?page_id=2181#breadcrumb","itemListElement":[{"@type":"ListItem","position":1,"name":"In\u00edcio","item":"https:\/\/www.projetopuritano.com\/projetopuritano\/"},{"@type":"ListItem","position":2,"name":"Track your Order"}]},{"@type":"WebSite","@id":"https:\/\/www.projetopuritano.com\/projetopuritano\/#website","url":"https:\/\/www.projetopuritano.com\/projetopuritano\/","name":"Projeto Puritano","description":"","publisher":{"@id":"https:\/\/www.projetopuritano.com\/projetopuritano\/#organization"},"potentialAction":[{"@type":"SearchAction","target":{"@type":"EntryPoint","urlTemplate":"https:\/\/www.projetopuritano.com\/projetopuritano\/?s={search_term_string}"},"query-input":{"@type":"PropertyValueSpecification","valueRequired":true,"valueName":"search_term_string"}}],"inLanguage":"pt-BR"},{"@type":"Organization","@id":"https:\/\/www.projetopuritano.com\/projetopuritano\/#organization","name":"Projeto Puritano","url":"https:\/\/www.projetopuritano.com\/projetopuritano\/","logo":{"@type":"ImageObject","inLanguage":"pt-BR","@id":"https:\/\/www.projetopuritano.com\/projetopuritano\/#\/schema\/logo\/image\/","url":"https:\/\/www.projetopuritano.com\/projetopuritano\/wp-content\/uploads\/2025\/02\/cropped-LOGO.png","contentUrl":"https:\/\/www.projetopuritano.com\/projetopuritano\/wp-content\/uploads\/2025\/02\/cropped-LOGO.png","width":318,"height":105,"caption":"Projeto Puritano"},"image":{"@id":"https:\/\/www.projetopuritano.com\/projetopuritano\/#\/schema\/logo\/image\/"}}]}},"_links":{"self":[{"href":"https:\/\/www.projetopuritano.com\/projetopuritano\/index.php?rest_route=\/wp\/v2\/pages\/2181","targetHints":{"allow":["GET"]}}],"collection":[{"href":"https:\/\/www.projetopuritano.com\/projetopuritano\/index.php?rest_route=\/wp\/v2\/pages"}],"about":[{"href":"https:\/\/www.projetopuritano.com\/projetopuritano\/index.php?rest_route=\/wp\/v2\/types\/page"}],"author":[{"embeddable":true,"href":"https:\/\/www.projetopuritano.com\/projetopuritano\/index.php?rest_route=\/wp\/v2\/users\/1"}],"replies":[{"embeddable":true,"href":"https:\/\/www.projetopuritano.com\/projetopuritano\/index.php?rest_route=%2Fwp%2Fv2%2Fcomments&post=2181"}],"version-history":[{"count":0,"href":"https:\/\/www.projetopuritano.com\/projetopuritano\/index.php?rest_route=\/wp\/v2\/pages\/2181\/revisions"}],"wp:attachment":[{"href":"https:\/\/www.projetopuritano.com\/projetopuritano\/index.php?rest_route=%2Fwp%2Fv2%2Fmedia&parent=2181"}],"curies":[{"name":"wp","href":"https:\/\/api.w.org\/{rel}","templated":true}]}}